 the remainder when 109 is divided by 18.
1
What is the remainder when 172 is divided by 62?
48
Calculate the remainder when 258 is divided by 229.
29
What is the remainder when 5748 is divided by 23?
21
What is the remainder when 298 is divided by 38?
32
What is the remainder when 426 is divided by 74?
56
Calculate the remainder when 132 is divided by 19.
18
Calculate the remainder when 578 is divided by 82.
4
Calculate the remainder when 753 is divided by 27.
24
Calculate the remainder when 469 is divided by 59.
56
Calculate the remainder when 2329 is divided by 36.
25
Calculate the remainder when 207 is divided by 16.
15
What is the remainder when 108 is divided by 3?
0
What is the remainder when 1728 is divided by 27?
0
Calculate the remainder when 72 is divided by 10.
2
What is the remainder when 1185 is divided by 149?
142
What is the remainder when 3345 is divided by 62?
59
What is the remainder when 1988 is divided by 5?
3
Calculate the remainder when 414 is divided by 35.
29
Calculate the remainder when 542 is divided by 138.
128
Calculate the remainder when 252 is divided by 32.
28
What is the remainder when 669 is divided by 113?
104
What is the remainder when 26 is divided by 17?
9
Calculate the remainder when 104 is divided by 19.
9
Calculate the remainder when 76 is divided by 43.
33
Calculate the remainder when 351 is divided by 44.
43
What is the remainder when 371 is divided by 348?
23
What is the remainder when 144 is divided by 10?
4
What is the remainder when 350 is divided by 11?
9
Calculate the remainder when 1347 is divided by 19.
17
What is the remainder when 128 is divided by 33?
29
Calculate the remainder when 111 is divided by 29.
24
Calculate the remainder when 1808 is divided by 1780.
28
Calculate the remainder when 660 is divided by 324.
12
What is the remainder when 291 is divided by 231?
60
Calculate the remainder when 64 is divided by 12.
4
What is the remainder when 2893 is divided by 181?
178
What is the remainder when 12517 is divided by 39?
37
Calculate the remainder when 88 is divided by 50.
38
Calculate the remainder when 623 is divided by 107.
88
What is the remainder when 1303 is divided by 17?
11
What is the remainder when 291 is divided by 101?
89
Calculate the remainder when 587 is divided by 98.
97
What is the remainder when 5709 is divided by 68?
65
What is the remainder when 53 is divided by 18?
17
What is the remainder when 511 is divided by 117?
43
What is the remainder when 828 is divided by 59?
2
Calculate the remainder when 747 is divided by 370.
7
Calculate the remainder when 108 is divided by 28.
24
What is the remainder when 333 is divided by 120?
93
Calculate the remainder when 4827 is divided by 1205.
7
Calculate the remainder when 202 is divided by 62.
16
What is the remainder when 463 is divided by 3?
1
What is the remainder when 1165 is divided by 197?
180
Calculate the remainder when 2955 is divided by 87.
84
Calculate the remainder when 329 is divided by 22.
21
What is the remainder when 1137 is divided by 10?
7
Calculate the remainder when 537 is divided by 54.
51
What is the remainder when 190 is divided by 16?
14
Calculate the remainder when 21 is divided by 10.
1
Calculate the remainder when 4928 is divided by 5.
3
Calculate the remainder when 197 is divided by 10.
7
Calculate the remainder when 1927 is divided by 138.
133
What is the remainder when 695 is divided by 20?
15
Calculate the remainder when 452 is divided by 39.
23
Calculate the remainder when 694 is divided by 186.
136
What is the remainder when 148 is divided by 31?
24
Calculate the remainder when 303 is divided by 22.
17
Calculate the remainder when 3718 is divided by 93.
91
What is the remainder when 178 is divided by 174?
4
Calculate the remainder when 755 is divided by 42.
41
Calculate the remainder when 7086 is divided by 2360.
6
What is the remainder when 27 is divided by 15?
12
Calculate the remainder when 4543 is divided by 69.
58
Calculate the remainder when 26 is divided by 17.
9
Calculate the remainder when 86 is divided by 15.
11
What is the remainder when 4356 is divided by 1451?
3
Calculate the remainder when 1214 is divided by 58.
54
Calculate the remainder when 7328 is divided by 2434.
26
Calculate the remainder when 1284 is divided by 24.
12
What is the remainder when 1630 is divided by 16?
14
Calculate the remainder when 203 is divided by 41.
39
What is the remainder when 372 is divided by 76?
68
Calculate the remainder when 330 is divided by 91.
57
Calculate the remainder when 140 is divided by 78.
62
What is the remainder when 404 is divided by 5?
4
Calculate the remainder when 188 is divided by 49.
41
Calculate the remainder when 685 is divided by 141.
121
What is the remainder when 98 is divided by 9?
8
Calculate the remainder when 630 is divided by 257.
116
What is the remainder when 117 is divided by 38?
3
What is the remainder when 3818 is divided by 42?
38
Calculate the remainder when 839 is divided by 56.
55
What is the remainder when 1023 is divided by 81?
51
Calculate the remainder when 613 is divided by 21.
4
Calculate the remainder when 1374 is divided by 66.
54
What is the remainder when 173 is divided by 35?
33
Calculate the remainder when 1009 is divided by 101.
100
What is the remainder when 809 is divided by 19?
11
What is the remainder when 58 is divided by 21?
16
What is the remainder when 568 is divided by 30?
28
What is the remainder when 6551 is divided by 1302?
41
What is the remainder when 344 is divided by 81?
20
What is the remainder when 84 is divided by 25?
9
What is the remainder when 758 is divided by 268?
222
Calculate the remainder when 490 is divided by 71.
64
Calculate the remainder when 323 is divided by 40.
3
Calculate the remainder when 1994 is divided by 9.
5
Calculate the remainder when 1141 is divided by 11.
8
What is the remainder when 767 is divided by 22?
19
Calculate the remainder when 287 is divided by 166.
121
What is the remainder when 237 is divided by 17?
16
Calculate the remainder when 8245 is divided by 15.
10
What is the remainder when 231 is divided by 68?
27
What is the remainder when 76 is divided by 52?
24
What is the remainder when 259 is divided by 29?
27
What is the remainder when 389 is divided by 122?
23
What is the remainder when 104 is divided by 69?
35
Calculate the remainder when 358 is divided by 60.
58
Calculate the remainder when 414 is divided by 52.
50
What is the remainder when 163 is divided by 14?
9
What is the remainder when 218 is divided by 211?
7
Calculate the remainder when 731 is divided by 359.
13
Calculate the remainder when 3409 is divided by 9.
7
What is the remainder when 175 is divided by 164?
11
Calculate the remainder when 135 is divided by 93.
42
Calculate the remainder when 304 is divided by 24.
16
Calculate the remainder when 207 is divided by 26.
25
What is the remainder when 22 is divided by 4?
2
Calculate the remainder when 2471 is divided by 822.
5
Calculate the remainder when 164 is divided by 30.
14
Calculate the remainder when 1516 is divided by 281.
111
What is the remainder when 40 is divided by 17?
6
What is the remainder when 369 is divided by 173?
23
What is the remainder when 208 is divided by 42?
40
Calculate the remainder when 107 is divided by 56.
51
Calculate the remainder when 1555 is divided by 769.
17
What is the remainder when 117 is divided by 30?
27
Calculate the remainder when 754 is divided by 63.
61
Calculate the remainder when 209 is divided by 6.
5
What is the remainder when 232 is divided by 7?
1
What is the remainder when 280 is divided by 11?
5
What is the remainder when 917 is divided by 92?
89
What is the remainder when 12527 is divided by 18?
17
Calculate the remainder when 24759 is divided by 10.
9
What is the remainder when 1360 is divided by 124?
120
What is the remainder when 201 is divided by 129?
72
What is the remainder when 1529 is divided by 18?
17
What is the remainder when 300 is divided by 78?
66
Calculate the remainder when 908 is divided by 103.
84
Calculate the remainder when 354 is divided by 21.
18
Calculate the remainder when 846 is divided by 4.
2
Calculate the remainder when 298 is divided by 122.
54
What is the remainder when 284 is divided by 9?
5
